e -1071 - 1323 = -14*h. What is the hundreds digit of h?
1
Suppose 430 = 4*k - 2*t + t, 4*k + t - 426 = 0. What is the tens digit of k?
0
What is the units digit of 150 + (-1 + -2)/((-6)/(-8))?
6
Let q(k) = 4*k - 4. Let y = 0 + 3. What is the units digit of q(y)?
8
Let d be 8/(-4) - (2 + -12). Let h be 1/2 - 33/(-6). Let y = d - h. What is the units digit of y?
2
Suppose -z + 27 = 2*z. Suppose -3*s - 2 = -20. Let x = z - s. What is the units digit of x?
3
Suppose -2*p = -5 - 1. Suppose c = p*c. What is the units digit of (-3)/9*(c - 3)?
1
Let k(c) be the third derivative of 0*c + 2/3*c**3 + 0 - 1/12*c**4 - 2*c**2. What is the tens digit of k(-6)?
1
What is the hundreds digit of (-2)/9 - 983*(-1)/9?
1
Let g(j) = j**3 - 5*j**2 - 6*j + 3. Suppose 3*q + q + 2*h = 28, 4*q - 18 = 3*h. What is the units digit of g(q)?
3
Suppose 160 - 14 = 3*m - 5*y, 0 = -4*m - 4*y + 152. What is the units digit of m?
2
Let x(r) = r**2 + 3*r - 2. What is the units digit of x(-4)?
2
Suppose 7 + 2 = o. What is the units digit of o?
9
Suppose 4*o = -r + 3, 3 + 7 = r - 3*o. Let x = r - 3. What is the units digit of x?
4
Let o be 3/6 + 348/8. Let a = -27 + o. What is the units digit of a?
7
Suppose 0 = 5*o - 5*k - 150, 3*o - 4*k + 23 = 111. Suppose -6*h + 5*h + o = 0. What is the units digit of h?
2
Let p = 5 + -2. Suppose 17 = -5*d + u + 40, d + 5 = -p*u. Suppose 13 = d*a + 1. What is the units digit of a?
3
Let f = 228 + 25. What is the hundreds digit of f?
2
Let i(y) = y**3 + 10*y**2 + 7. What is the units digit of i(-8)?
5
Suppose -4*l = 5*f - 719, 2*f - 63 + 246 = l. What is the tens digit of l?
8
Suppose -b + 22 = -0*q + 4*q, 5*b + 4*q - 46 = 0. Let l be (-6)/18 + 14/b. Suppose 0 = -3*i + l*i + 6. What is the units digit of i?
6
Suppose -4*c + 2*b + 485 - 53 = 0, 5*b = 3*c - 338. What is the units digit of c?
6
Let y(m) = -1 + m + 7 + 3. Let w be y(-7). What is the units digit of 28/3 - w/(-3)?
0
Suppose -208 = -3*b + 2. What is the units digit of b?
0
Suppose 0 = 8*o - 2*o - 384. What is the units digit of o?
4
Let m(a) = 0 + a**2 - 3 + 2. Suppose 0*g - 9 = -3*g. What is the units digit of m(g)?
8
Suppose -1 = -4*g + 5*g. What is the tens digit of 15 - (0 + g - -2)?
1
Let w = 57 - 31. What is the tens digit of w?
2
Let i = -31 - -141. What is the hundreds digit of i?
1
Suppose -3*v - 3 = -15. Suppose -h - v = -2*h. Suppose 0 = -h*q + 27 + 17. What is the units digit of q?
1
Let o(g) = g + 4. Let f = -9 - 1. Let t be o(f). What is the units digit of (45/(-20))/(t/16)?
6
Let g(s) = -8*s - 2. Suppose 0*a + 5*a = 10. Let i be g(a). Let d = -10 - i. What is the units digit of d?
8
What is the units digit of 16 - (-1 - (4 + -7))?
4
Suppose 7*o - 3*o - 18 = -5*f, -5*f - 2*o = -14. Suppose -l + f*l = -q + 8, 5*q - 72 = 3*l. What is the tens digit of q?
1
Let i be (-30)/195 - 28/(-13). Suppose 0*a = -a + 3. Suppose -a = -i*u + 1. What is the units digit of u?
2
Suppose -7*u - 16 + 44 = 0. Suppose 3 = 3*w - 3. Suppose -w*a + u*n = -4*a + 10, -1 = a + 5*n. What is the units digit of a?
9
Let k = 8 + 40. What is the tens digit of k?
4
Suppose -29 = -5*b + 36. What is the units digit of b?
3
Let j = -51 - -99. What is the units digit of j?
8
Let d = 21 - -9. What is the units digit of (6/9)/(4/d)?
5
Let f(j) = -j**2 + 9*j + 3. Let c be f(5). Suppose 60 - c = z. What is the tens digit of z?
3
What is the tens digit of 299/7 - (-6)/21?
4
Suppose 4*a - 8*a = -444. What is the tens digit of a?
1
Suppose 3*u + 1 = 4. Suppose 20 = -3*w + w. What is the units digit of w/(-1 - 1) - u?
4
Let r(m) = m**2 - 11*m + 14. Let c be r(10). What is the units digit of c + -1 - (-6 + 4)?
5
Let i(w) = 4*w + 43. What is the tens digit of i(-6)?
1
Let f be 9/4 - 1/4. Suppose -x + 5*d - 19 = 0, d = f*d - 5. What is the units digit of x?
6
Let x = -86 + 266. What is the hundreds digit of x?
1
Suppose -5*g + 3*a - 40 = 5, 0 = 2*a. Let i = g + 12. Let u = 3 + i. What is the units digit of u?
6
Let f(c) = c**2 - 9*c - 5. Let k be f(10). Suppose 75 = k*s - 0*s. What is the tens digit of s?
1
Let q(n) = n**2 + 7*n + 2. What is the units digit of q(-7)?
2
Suppose -118 = -10*b + 9*b. What is the units digit of b?
8
Let l(h) = -2*h - 1 + 3*h + 6*h - h. What is the units digit of l(1)?
5
Suppose 6*d = 5*d + 33. What is the tens digit of d?
3
Let c(r) = -r**2 - 11*r + 6. Let a be c(-10). Let z = -5 + a. What is the tens digit of z?
1
Suppose c + 5*l + 0 = 3, -3*c + 89 = -5*l. Suppose -m - 3 = -c. What is the units digit of m?
0
What is the units digit of ((-43)/(-6))/((-7)/(-42))?
3
Suppose -5*w + 8*w - 726 = 0. What is the units digit of w?
2
Let h = 9 + 1. Suppose -4*q + h = 2. Suppose q*x + v - 6*v - 61 = 0, -x + 2*v = -28. What is the units digit of x?
8
Let l(m) = 72*m**3 + m**2 - 2*m + 1. What is the units digit of l(1)?
2
Suppose 0 = -m + 6 - 2. Suppose 2*f + 0*f + m*r - 70 = 0, -5*f = r - 130. Suppose -d = 4*d - f. What is the units digit of d?
5
Suppose 504 = 3*d + 75. Suppose -4*l - 51 = -d. What is the tens digit of l?
2
Suppose -5*h - 4*v + 32 = 0, -7*v = 5*h - 2*v - 30. Let c(w) = w + 11. What is the tens digit of c(h)?
1
Suppose -a + 144 = 3*a. What is the tens digit of a?
3
Suppose 2*a - 272 = -2*a. Suppose c = -3*c + a. What is the tens digit of c?
1
Suppose 0 = 3*t + 4 - 241. What is the tens digit of t?
7
Let v = 5 - 3. Suppose -3*j = -1 - v. What is the units digit of ((-1)/(-2))/(j/14)?
7
Let t be (-6)/5*10/(-3). Suppose 4*w - 3*w + t = 0. What is the units digit of (-30)/w + (-2)/(-4)?
8
Suppose -3 = z - 8. Suppose -z = -2*a + a. What is the units digit of a?
5
Let a = 78 - 42. Let c = a + -18. What is the units digit of 2/(-9) + 94/c?
5
Suppose 4*a - 4*m = 20, 0 = -4*a + 3*a + 3*m + 11. Suppose 3*o - a*o + 10 = 0. What is the units digit of o/6*(0 - 3)?
5
Suppose 6*l - 248 = 178. What is the units digit of l?
1
Let p(r) = 2*r + r - 8*r + 6. What is the tens digit of p(-5)?
3
Let d(k) = -34*k**3 + k**2 - k - 1. What is the tens digit of d(-1)?
3
Suppose -5*x + 4*b = -2, -4*x + 3*b + 2 = -0*x. Suppose 5*a - 113 = -i, x*a + 98 = 7*a - 4*i. What is the units digit of a?
2
Let f(x) = -2*x**2 - 2*x - 1. Let r be f(-2). Let w = -4 - r. What is the units digit of w?
1
Let c be 0 + 7 - 3/1. What is the tens digit of (33 + -1)*2/c?
1
Suppose -a = 2*s - 6*a - 134, 224 = 4*s + a. What is the tens digit of s?
5
Let w = 8 - 29. What is the units digit of (6/(-4))/(w/112)?
8
Suppose -3*v = 5*g - 4, -13 = -g - g - 5*v. Let c = 4 + g. Let h = c - 2. What is the units digit of h?
1
Suppose -2*h = 10, 299 + 462 = 2*x - h. What is the hundreds digit of x?
3
Suppose 5*f - 34 = -5*i + 16, 4*f - 18 = -2*i. What is the units digit of i?
1
What is the tens digit of 4/(-14) + (-300)/(-21)?
1
Suppose 0 = -3*y + 12, 2*i + i - y - 2 = 0. What is the units digit of i + 0 - (2 + -2)?
2
Suppose -12 - 3 = -5*w. Let t = 2 + w. Suppose -a + 7 + 10 = -5*m, -m + t = 4*a. What is the units digit of a?
2
Suppose 10 = 4*i - 10. Suppose -5*z = 4*n + 4 - 11, -i*z - 25 = 0. What is the units digit of n?
8
Suppose -2 = 2*k - 3*k. Suppose -3*o = -5*l - 14, 0*o - l + 5 = k*o. Suppose -4*h - 41 = -3*u, 5*h - 3*h + 37 = o*u. What is the units digit of u?
1
Suppose 0 = 4*y - 3*q - 84, 3*y - 2*y + 2*q - 10 = 0. Let p = y + -25. What is the tens digit of 7*3/p*-6?
1
Let d(u) = -u + 34. What is the tens digit of d(-10)?
4
Suppose -27 = -3*a - 3*i, -2*a + 2 = -i - 1. Let d = -7 + a. What is the units digit of (-7)/(4/2 + d)?
7
Suppose 5*q - 6 = -1. Suppose 0 = -n - 3*n. Let h = q + n. What is the units digit of h?
1
Let s(p) = 3*p**3 - p**2 + p - 1. Let d be s(1). Suppose -5*v - 2*h = -0*h - 3, 5*v + 3*h = d. Let m = v + 4. What is the units digit of m?
5
Suppose 5*y + 502 = 9*y + 5*x, 3*x + 609 = 5*y. What is the hundreds digit of y?
1
Suppose 0 = a + 18 - 6. Let c = -5 - a. What is the units digit of c?
7
Suppose -3*r - v = -11, 2*v = 4*r - 0 - 8. Let n(u) = -4*u + 1. Let j be n(r). What is the tens digit of (-648)/(-66) - 2/j?
1
Suppose 2*b - 10 = 7*b. What is the units digit of (b/6)/((-1)/3)?
1
Let m = 123 - 45. What is the tens digit of m/8 - (-3)/12?
1
Let d(h) = -2*h**2 + 3*h. Let k be d(2). What is the units digit of (3/3*-30)/k?
5
Suppose -5*v - 6*p = -p + 20, 5*v = p + 10. Let w = v - 2. What is the tens digit of -1 + (1/w - -1